24 + -25)?
-2
Calculate -5 - (-1 - (1 - 2)).
-5
Calculate (1 - 1) + -3 + 2.
-1
What is -6 - (23 - 40 - (2 + -6))?
7
-5 - (-7 - (1 + 2) - -4)
1
What is -1 + (-11 - -7) + 7?
2
4 + (7 + -13 - -3)
1
Calculate 7 + (-3 - (4 + -2 + -3)).
5
What is the value of 14 + -21 + (1 - 2) + 7?
-1
Evaluate (11 - 4) + -4 + 6 + -6.
3
-6 + 1 + (6 - 6)
-5
Evaluate -2 - (3 + -6 - (0 + 2)).
3
What is 5 + 5 + -7 - (2 + -2)?
3
(2 - (-2 + 3 - 2)) + -8
-5
What is the value of -5 + (9 - 7) - (-7 + 10)?
-6
What is -3 + (2 - (2 - -6)) + -1?
-10
Calculate 149 + -162 - (-6 - -1).
-8
Calculate -22 - (-18 + (-1 - -8)).
-11
-4 - (5 - 2 - (0 - -5))
-2
Evaluate -158 + 151 - (-1 + 1).
-7
What is the value of 3 - (5 + -7) - 8?
-3
What is the value of -1 + (3 - 2) - -6?
6
Calculate (7 - 10) + 9 - (-2 + 3).
5
What is the value of 0 - ((2 - (-2 + 2)) + -7)?
5
-22 + -16 + 33 + 1 + -1
-5
(-6 - 1) + (15 - (3 + -3))
8
Calculate -3 + 7 + -2 + -2.
0
Evaluate (2 - 1) + (8 - 2 - 2).
5
-7 - (-12 - 3) - 11
-3
Calculate -1 - (-3 - -11 - 7).
-2
-4 + -5 + 13 + (-6 - 3)
-5
What is the value of -2 + -3 + 9 + -1 + -5?
-2
Evaluate -7 - -6 - (-6 - -4).
1
Evaluate (7 - 2 - 3) + 1.
3
(-1 - (-9 - -4)) + (-2 - 4)
-2
(1 - -2) + -1 + -2 - 5
-5
Calculate (-12 - (-3 - 3)) + 4 + -4.
-6
Evaluate 3 + (1 - 6 - (4 - 3)).
-3
What is 1 + -2 - (-8 + 12)?
-5
-207 - -194 - ((-3 - 1) + -1)
-8
Calculate 5 + (-6 - (1 - -6 - 1)).
-7
Evaluate (2 - (0 + 1 - -2)) + -3.
-4
What is (13 - 10) + -10 + (2 - 3)?
-8
What is the value of 1 - (9 - 8 - 7)?
7
What is (-2 - (5 + (-2 - 6))) + 5?
6
Evaluate 7 + -3 + -8 + -2 + 2.
-4
Calculate -1 - 3 - (-4 - -1).
-1
Calculate 5 + (1 - (10 - (-8 - -14))).
2
Evaluate (5 - 13) + (0 - -5) - -1.
-2
Calculate -4 - (-3 - (-3 - -5)).
1
Calculate -9 + 5 + (12 - 3).
5
What is 0 + 1 - 1 - (-3 + 6)?
-3
Calculate -1 + (1 - 0) - (-21 + 23).
-2
Evaluate -2 - -6 - (41 - 29).
-8
What is the value of (2 - 2) + -16 + 19?
3
What is the value of -1 - (-1 + 3) - 0?
-3
What is (-3 - -1) + 11 + -5?
4
What is (-3 - (-3 - (-3 + 4))) + 0?
1
What is (64 - 65) + (-3 - -2)?
-2
What is the value of -3 - -5 - (15 - 12)?
-1
0 - -6 - 8 - -4
2
What is the value of 5 - (2 + 1 - (-10 + 12))?
4
What is the value of 12 + 0 + -2 + -9?
1
What is (-7 - -5) + 0 + 2 + 3?
3
Calculate 3 - (-3 + 4 - -6).
-4
Calculate (-229 - -221) + (-2 - 0) + 1.
-9
What is 1 + -2 + 9 - (-5 - -9)?
4
17 - 14 - (0 + -2)
5
What is the value of (6 - (-5 + 6)) + -4 + -2?
-1
3 + 1 + (22 - 25) + -6
-5
(0 - -5) + (14 + -6 - 10)
3
Evaluate (7 - 6) + -5 + 3 + -4.
-5
Evaluate 8 + 0 + (-1 - 10).
-3
1 - (-12 + 23 + -6)
-4
What is 8 + (0 - 0 - (-1 - -4))?
5
Evaluate -7 + 2 - -1 - (-33 - -22).
7
-20 + 16 + (2 - 4 - -5)
-1
Calculate 3 + (5 - (0 + 3 - -9)).
-4
What is the value of 1 - (-3 - ((0 - 1) + 1))?
4
Evaluate (1 - 3) + -15 + 13.
-4
What is (-2 - -4) + 5 + -20 + 17?
4
3 + -2 - (-7 + (-4 - -9))
3
Calculate -2 + (3 - (-3 - -2)).
2
Evaluate (8 - 9 - -6) + -6.
-1
Calculate 3 + 1 + -4 + 5 - 4.
1
Evaluate (-4 - 0 - (-3 + 4)) + -3.
-8
Calculate (-2 - 0) + 2 + 6 + -2.
4
Evaluate 0 + -1 + 4 + 0 + 2.
5
What is (5 - 8) + 1 + 0?
-2
Calculate (-2 - (4 + -1)) + (8 - 4).
-1
Evaluate -2 + (8 + -6 - 3 - 5).
-8
What is -6 + 3 + 6 - (-2 - -5)?
0
Calculate (-7 + -2 - -6) + 0 + -4.
-7
(1 - 3) + (4 - 1 - 0)
1
What is the value of -5 - (-3 - (-4 + 6))?
0
-12 - -16 - (-1 - -3)
2
Evaluate 11 - (6 + -6) - (7 - 2).
6
6 + -3 + (-1 - 1) + 0
1
Calculate (-10 + 9 - -11) + -2 + 1.
9
What is the value of -15 + 10 - (-1 - 2)?
-2
What is the value of -10 - -15 - (15 + -4)?
-6
Evaluate (9 + -8 - (-2 + 5)) + 5.
3
What is 5 + -5 + 2 + -3 + 4?
3
What is -8 - (-1 + -8) - -5?
6
Evaluate -5 - (-4 + 2 + (1 - 3)).
-1
Calculate (1 - -18) + -17 - (0 + 0).
2
What is -8 - (7 + (10 - 30))?
5
Calculate (-7 + 0 + 2 - 0) + 2.
-3
Evaluate (2 - -2 - -1) + (37 - 48).
-6
Calculate -26 + 30 + 2 + (-3 - 2).
1
What is 0 - 3 - (5 - 3)?
-5
-12 + 6 + (-4 - -5)
-5
1 - ((7 - 1) + -1) - -1
-3
Calculate (11 - 24) + 24 + -6.
5
Calculate -1 + -1 - (-16 + 9).
5
What is the value of (-2 - (-11 - -14)) + 2 + 1?
-2
12 + -6 + -8 - -2
0
2 - (2 + -4 + 8) - -3
-1
What is the value of -3 + -1 + (5 - 3 - 1)?
-3
What is -7 + (8 + -3 - 0) - -6?
4
Calculate -6 + 12 - (-6 - -6).
6
Evaluate 6 - (5 - 7 - -9).
-1
What is the value of 4 - ((-4 - (-1 - 0)) + 4)?
3
What is the value of -9 + (-9 + 5 - (10 + -16))?
-7
What is the value of (139 - 142) + 1 + 0?
-2
Evaluate 5 + 2 + (13 - 16).
4
2 + -1 - -4 - (4 - -2)
-1
Calculate (4 - -2) + -6 + 1.
1
What is the value of -4 - -1 - (10 + -16)?
3
What is 6 + (1 - 7 - 0)?
0
Calculate 0 + -1 + 2 - -2.
3
Calculate -6 + (-9 - -12) + 0 + -1.
-4
Evaluate -11 - (-11 + 4) - -9.
5
1 - (-1 - 3) - (-1 + 5)
1
What is the value of -43 + 36 - (-2 + -2) - 1?
-4
What is 3 + 4 + 2 + -4?
5
Evaluate (-4 - 0) + 1 - -2.
-1
What is the value of -7 - (-3 + 4 - 6)?
-2
Evaluate 2 + -7 - 2 - -3.
-4
What is 2 + (-3 - -4) + -2?
1
-8 + (-2 - -4) + -1 - -5
-2
Calculate (8 - (-1 - -16)) + 8.
1
Calculate 0 - 0 - (9 - (5 - -4)).
0
Calculate -29 + 31 - (4 - (0 + 1)).
-1
Calculate 1 - (1 - (1 - -6)) - 7.
0
What is -6 + (6 - 2) + -2?
-4
What is -1 - (1 - 0) - (-6 - -8)?
-4
Calculate -2 + 1 + -1 + 2 + 1.
1
0 + 6 - 3 - -3
6
Evaluate 3 - (-9 - (0 + -5)).
7
What is 2 + -1 + 0 - 0?
1
Calculate 0 - (8 + (-20 - -6)).
6
What is the value of (7 - (-3 + 11)) + 6?
5
What is 3 + 3 - (6 + 2)?
-2
Evaluate -2 + (13 - 10) - (10 + -3).
-6
(5 - 0) + (-5 - -1) - -3
4
-1 - 4 - -8 - 5
-2
Evaluate -5 + -2 - (-14 - -10).
-3
What is 0 + 9 - (-3 + 7)?
5
Calculate (1 + -5 - 5) + 9.
0
Calculate (-11 - (-6 + -7)) + -2 + 2.
2
Evaluate 3 + -1 + 2 - (11 + -11).
4
What is 5 - 7 - -6 - 10?
-6
Calculate -3 + (3 - 4) + (-3 - -2).
-5
-6 + 2 + (5 - 3)
-2
Calculate -6 - (-8 + (7 - 3) + 3).
-5
What is -48 + 59 + (-1 - 5)?
5
What is the value of 9 + (-1 - 0) + 1 + -2?
7
What is 1 + -5 + 1 + 0 + 0?
-3
Evaluate -2 + (3 - (-7 + 4)).
4
What is the value of (-4 - -2) + -6 + 4?
-4
1 - -3 - (-2 + -14 + 17)
3
6 - (8 - (5 + -1 + -6))
-4
Evaluate 6 + -5 + (-2 - -1) + 1.
1
What is 6 + -14 - (3 - 14)?
3
What is -2 - 1 - -1 - -3 - 0?
1
Evaluate -6 + (1 - 0) + 24 + -21.
-2
Evaluate 9 + -6 + (5 - (-3 - -6)).
5
What is -10 + 2 + (-14 - -31 - 15)?
-6
Calculate 2 - ((3 - 5) + 4).
0
What is the value of -5 + -1 + (-5 - -3) + 5?
-3
What is 1 - -1 - 5 - (1 - 8)?
4
What is 5 + (0 - 6) - (-1 + -3)?
3
What is the value of -16 - -11 - (1 + -6)?
0
Evaluate 27 + -42 - (1 - 9).
-7
What is the value of (2 - (9 - 4)) + 4?
1
Calculate (2 + 0 - (-12 + 11)) + -6.
-3
What is (-16 - -18) + (-2 - 0)?
0
Calculate -16 - -30 - (7 - -1).
6
Calculate (-4 - 1) + 10 + 0.
5
What is 1 + (-6 - -9) + -8?
-4
What is 3 + (-5 - (-3 - -6))?
-5
2 - 3 - ((-4 - -5) + -6)
4
Calculate (-24 - -16 - -14) + -9 + 0.
-3
(9 - 6) + 0 + -9
-6
What is the value of -2 + -6 + 12 + (-5 - 0)?
-1
What is the value of -2 + (0 - 4 - (4 + -6))?
-4
-3 - (3 + 1) - -5 - -6
4
-3 + 0 - (0 + (-3 - -1))
-1
(-1 - 6) + (22 - 11)
4
Evaluate (0 - 5) + -15 + (7 - -10).
-3
(-7 - (0 - 5)) + 1 + 0
-1
Calculate 2 + (-1 - 8 - 0) - -2.
-5
-6 - (2 + -9) - 3
-2
(6 - 3) + 3 - (5 + 2)
-1
What is 0 + 4 + -3 + -1 + 0?
0
What is (3 - 1 - (10 - 6)) + 2?
0
What is -10 - (-29 - -4 - -11)?
4
(-12 - -2) + (7 - 2)
-5
What is the value of -5 + 0 - -8 - 1?
2
Evaluate (6 + -5 - 2) + 7 - 14.
-8
1 + 1 - (0 + 0)
2
Evaluate 1 + (4 - (9 + 1)).
-5
What is the value of 1 - 0 - (-9 + 4 + 5)?
1
Evaluate (1 - 0 - 3) + (43 - 38).
3
-91 + 97 + -13 + 2
-5
Evaluate 4 - (-1 + (1 - 1)) - 2.
3
Evaluate (10 - (17 + -9)) + 3.
5
Evaluate 1 + -2 + (4 - (-4 + 7)).
0
What is 0 - 2 - (-5 - (2 + -9))?
-4
Evaluate 3 + 1 - 4 - -2.
2
Evaluate -4 + 7 + (1 - 4).
0
What is the value of -3 - 0 - (0 + 1) - -4?
0
What is 0 + 5 + 11 + -18?
-2
Evaluate -5 + 1 + 2 - (5 + -14).
7
-3 + 2 - (7 + -10)
2
Evaluate (1 - (-1 - -3)) + 5 - 4.
0
9 + (-4 - -1 - 2)
4
Evaluate (4 + 7 - 15) + -1.
-5
What is the value of 1 - (-5 - (-1 + -6))?
-1
Evaluate -1 - -15 - (31 - 15).
-2
(5 - 6 - (-2 + -1)) + 2
4
Calculate (10 + -8 - -3) + -1.
4
Calculate -4 - (7 + (-1 - 2) + -3).
-5
What is (2 - 3) + 1 - 0?
0
Calculate 0 - -4 - (1 - -3).
0
Evaluate (8 - 8 - -2) + -1.
1
What is the value of 6 - (1 + 4 + 9) - 2?
-10
What is -1 + 1 + -1 - (2 + 1)?
-4
Calculate -3 + -2 - (-1 - 3).
-1
What is the value of 6 + (5 + -14 - 0)?
-3
What is the value of 